) + q(z). Calculate l(c).
-6
Suppose -3*i = -7*i + 24. Let v be (-177)/(i/2) + -1. Let w be ((-6)/5)/((-18)/v). Let b(c) = c**2 + 3*c + 1. Calculate b(w).
5
Let n(m) be the third derivative of -m**6/120 + 7*m**5/60 - 7*m**4/24 + 7*m**3/6 - 19*m**2. What is n(6)?
1
Let c(a) be the first derivative of 2 - a + 1/2*a**2. Let r(z) = z - 8. Let x be r(7). Determine c(x).
-2
Let g(o) = -2 - o + 31*o**3 - 3*o**2 + 2*o - 29*o**3. Give g(2).
4
Let r(s) = -11*s**3 + s**2 + s - 1. Let v be r(1). Let f = 7 + v. Let b(z) = -z**2 - 3*z + 1. Determine b(f).
1
Let w(z) = -z**3 + 4*z**2 + 7*z - 6. Suppose -b = 3*b - 8. Let q be 6 + (1 - b - 0). Suppose -q*y = -y - 20. What is w(y)?
4
Let v = 0 + 5. Let q(u) = 19 - 44 + u + 23. Calculate q(v).
3
Let u(o) = 1 - 7 - 2*o + 11 + 0. Suppose -4*x + 2*x - 3*t = 13, -x + 11 = -2*t. Let w be 8*x + -3 + 1. Give u(w).
-7
Suppose 5*k + 4*l - 14 = 22, l - 4 = 0. Suppose -k = -2*p - 0. Suppose -u - p = 3. Let h(d) = -d**2 - 6*d. Give h(u).
5
Let k = 1 + -2. Let q(w) be the first derivative of -w**6/120 + w**5/60 - w**3/6 + 3*w**2/2 + 3. Let r(x) be the second derivative of q(x). Calculate r(k).
1
Let h = -7 - -6. Let y = 0 - h. Let k(f) = -f**2 - f + 1. Give k(y).
-1
Let j = -1 - -4. Suppose -8 = 3*l + l - q, -2*q + 1 = -j*l. Let c(z) = -z**3 - 2*z**2 + 4*z + 4. What is c(l)?
1
Let z(c) be the first derivative of -2 - 1/4*c**4 + 1/3*c**3 + 7*c - 1/2*c**2. Determine z(0).
7
Let b(m) = 5*m + 14 + 2 + m - 7*m. What is b(0)?
16
Let x(c) = 15*c - 20. Let d(g) = -5*g + 7. Let k(r) = 17*d(r) + 6*x(r). Let p = -6 + 5. Determine k(p).
-6
Let k(n) = -2*n**3 + 4*n**3 - 1 + n**2 - n - n**3. Let v(w) = 1. Let o(x) = -k(x) - 3*v(x). Give o(2).
-12
Let j(d) be the third derivative of d**4/24 - d**3 + 7*d**2. Give j(3).
-3
Suppose -2*v + 4*b = -12, -2*v - 4*b + 28 = -8. Let p(q) = v - 4*q + 5*q - 8 + 10. What is p(0)?
14
Let z be (0 - 3/2)*2. Let p(v) be the third derivative of -v**4/12 + v**3/6 - v**2. Calculate p(z).
7
Let b(t) = 11*t**3 + 8*t**2 - 13*t - 21. Let y(k) = 5*k**3 + 4*k**2 - 6*k - 10. Let d(z) = -6*b(z) + 13*y(z). Give d(3).
5
Let j(z) = 2*z**2 - z**2 - 26 + 29 - 3*z. Calculate j(4).
7
Let q(l) = 0*l + 0*l + 3*l - 2*l**2. Let a be (-4)/6 - (-40)/15. What is q(a)?
-2
Let p(h) = 9*h - 1. Let x be 10/3*(-18)/(-5). Suppose 0 = -3*l + x - 3. Suppose -b + 4 = l*b. Give p(b).
8
Let n(u) = 3*u**3 + u - 1. Let z(p) = -p - 11. Let g be z(-8). Let c = -2 - g. Determine n(c).
3
Let r(w) be the first derivative of -w**2/2 + 4*w - 21. Calculate r(5).
-1
Let o(k) be the first derivative of k**2/2 + 3*k - 45. Determine o(-4).
-1
Let l(r) = r**2 + r - 7. Let k(h) = -3*h**2 - 4*h + 22. Let y(z) = 2*k(z) + 7*l(z). Calculate y(5).
15
Let f(y) = y + 9. Suppose 6*k - 27 = -75. What is f(k)?
1
Let p(c) be the third derivative of -c**7/2520 + c**6/180 - c**5/40 - c**4/24 + 2*c**2. Let a(t) be the second derivative of p(t). Give a(5).
-8
Let w(v) = 2*v**2 - 12*v - 11. Let d(h) = h**2 - 6*h - 5. Let r(g) = 5*d(g) - 2*w(g). Calculate r(6).
-3
Let a(m) = -2*m - 1. Let s(k) = -9*k - 5. Let t(w) = 11*a(w) - 2*s(w). Give t(-2).
7
Let x(b) = b**2 + 6 + 7*b**2 + 4*b**2 + 2*b - 11*b**2. Calculate x(-4).
14
Let c(x) = 8*x**3 - 2*x**2 + 1. Let k(q) = -q**3 + 4*q**2 + 4*q + 7. Let l be k(5). Let w be l/6*(-4 + 1). Give c(w).
-9
Let s(g) be the third derivative of g**4/8 + 5*g**3/6 - 6*g**2. Calculate s(-5).
-10
Let b(x) be the second derivative of 7/6*x**3 + 0*x**4 + 4*x + 2*x**2 + 0 - 1/60*x**5. Let y(k) be the first derivative of b(k). What is y(0)?
7
Let l(s) = s. Let n(y) = 2 - 3*y - 3 - y + 0. Let m(p) = -7*l(p) - 2*n(p). Calculate m(-3).
-1
Suppose -3 = u - 5*n, 5*u + 0*n - 2*n + 38 = 0. Let v = 18 + u. Let d = -5 + v. Let k(b) = -b**3 + 4*b**2 + 6*b - 2. Calculate k(d).
3
Let t(p) be the second derivative of p**5/20 + 5*p**4/12 + 2*p**3/3 + 5*p**2/2 + p. Suppose -4*j - 2 = -26. Suppose -20 = -g + j*g. Calculate t(g).
5
Let j(t) be the first derivative of 5*t**3/3 + t**2 - t + 3. Let b be (-4)/(-16) - 6/(-8). Determine j(b).
6
Let a(o) = 2*o**2 - 11*o + 11. Let l(h) = -h**2 + 5*h - 5. Let y(d) = 3*a(d) + 5*l(d). Give y(8).
8
Let j(z) = -12*z + 5*z**2 - 9 + 4 - 7. Let b(w) = -w**2 + w + 1. Let k(c) = 6*b(c) + j(c). Give k(-5).
-1
Let z(f) = -2 + 8 + 4*f + 44*f. Let w(x) = 7*x + 1. Let u(m) = 27*w(m) - 4*z(m). Suppose -d + 4 = 2. Calculate u(d).
-3
Let v(g) be the third derivative of g**6/120 + g**5/20 + g**4/12 + 11*g**2. Determine v(-3).
-6
Let n(g) be the third derivative of -g**6/120 + g**5/10 - g**4/6 - g**3/3 - g**2. Suppose 0 = -5*i - 2*c + 23, -5*i = -0*i + c - 24. Calculate n(i).
3
Let j(b) = -b**2 - 3*b - 2. Suppose 0 = -k - 8*k - 36. Calculate j(k).
-6
Let p(r) = -r**2 - 3*r - 1. Let q(n) be the third derivative of 0*n + 0 + n**2 + 1/12*n**4 + 7/6*n**3. Let j be q(-5). Calculate p(j).
-1
Let y(c) be the second derivative of 6*c - 1/2*c**2 - 1/12*c**4 + 1/3*c**3 + 0. Calculate y(3).
-4
Let t(s) = -s**3 + 2*s**2 + 2*s - 3. Let b(u) be the second derivative of -u**2/2 - u. Let l(c) = -b(c) - t(c). Let m = 11 + -8. What is l(m)?
7
Let q(w) = -w**3 - 5*w**2 - 7*w - 5. Let i(r) = -r**2 + 16*r + 11. Let n be i(11). Let o be (-276)/n - (-2)/11. Determine q(o).
7
Suppose 0 = -0*v + 4*v. Let m(i) be the second derivative of -i**6/360 - i**4/24 - i**3/6 - i. Let k(x) be the second derivative of m(x). Calculate k(v).
-1
Let f be 30/9*3/2. Let g(n) = n**2 - f - 2*n**2 + 5*n + 1 + 2. Suppose -5*u = -2*u - 15. Determine g(u).
-2
Let v(a) = -149*a**2 + 149*a**2 + 2*a**3. Give v(1).
2
Let t(d) = -7*d**2 + 2*d - 7. Let z(r) = 8*r**2 - 2*r + 8. Suppose -5*x = 33 - 3. Let m(k) = x*z(k) - 7*t(k). Give m(2).
1
Let u(g) = 5*g + 4. Let q(n) = n**2 - 14*n - 11. Let t(m) = 4*q(m) + 11*u(m). Calculate t(-1).
5
Let i(z) be the first derivative of 1 - 1/24*z**4 + 0*z - z**2 + 1/60*z**5 + 1/3*z**3. Let h(a) be the second derivative of i(a). Give h(0).
2
Let z(y) = -y**3 + 2*y**2 + 11*y + 10. Let s(t) = -t**3 + 3*t**2 + 12*t + 11. Let k(h) = 6*s(h) - 7*z(h). Determine k(-5).
-4
Let g(x) = x**3 + 6. Suppose 0 = -0*k - 4*k + 16. Suppose f = k*f. What is g(f)?
6
Suppose 2*o - 20 = -0*o. Suppose 3*w + 4*j + o = -7, -9 = 5*w - 3*j. Let r be 15/w - (-1 + 1). Let p(h) = h**2 + 7*h + 5. What is p(r)?
-5
Let y(g) be the second derivative of -g**7/840 + g**6/360 - g**5/30 + g**4/8 + g**3/6 + 3*g. Let a(v) be the second derivative of y(v). Calculate a(2).
-9
Suppose 0 = 4*l - 2*l - w + 3, 0 = -4*l - 2*w + 14. Let n be (1 - l)/((-1)/(-1)). Let z be (-2)/1 + n + -1. Let u(o) = o**2 + 2*o - 2. Give u(z).
1
Let t(h) = -2*h + 1. Let w(z) = -6*z**2 - 5*z - 3*z**3 - z**3 + 2*z**3 + z**3 + 1. Let k be w(-5). Let u be t(k). Let n(b) = -3*b**3 - b. Calculate n(u).
4
Let v(j) be the first derivative of -j**2/2 - 2*j + 3. Suppose -2*b + 0*u + u + 4 = 0, 4*b - u = 10. Calculate v(b).
-5
Let k(p) = p**2 + 5*p + 2*p - p. Give k(-6).
0
Let n(m) = 5*m + 1. Suppose -5*x + 3 = -2*x. Let b be n(x). Let t(p) = p**2 - 4*p - 6. Determine t(b).
6
Suppose -5*v + 4*b + b - 15 = 0, 2*b - 6 = 3*v. Suppose v = 5*d - 4*d + 4*j + 17, -5*j = 2*d + 25. Let n(g) = g + 2. Determine n(d).
-3
Let z(r) be the second derivative of -r**3/6 - r**2 - 2*r. Let y(j) = -1 + 3 + 1 + j. Let b(a) = -5*y(a) - 4*z(a). Give b(0).
-7
Let z = 13 - 9. Let j(g) be the third derivative of -g**2 - 7/24*g**4 + 1/2*g**3 + 1/60*g**5 + 0 + 0*g. What is j(z)?
-9
Let r(o) = o**2 + 10*o - 16. Let q = -12 - -1. What is r(q)?
-5
Let b(u) = u**3 + 7*u**2 + u. Suppose -c = 5*f + c + 33, -2*c + 9 = -f. What is b(f)?
-7
Let n(b) = -4*b**2 + 3*b - 3. Suppose -k - 3*g + g = -9, 0 = -2*k - 5*g + 17. Suppose k*i - 6*i - 10 = 0. Determine n(i).
-13
Let m(n) be the second derivative of -n**6/360 + n**5/60 - n**4/6 + 4*n. Let o(r) be the third derivative of m(r). Give o(4).
-6
Let m(a) = 3*a - 1. Let k(v) be the second derivative of -v**4/12 + 5*v**3/6 - v**2 + v. Let j be k(5). What is m(j)?
-7
Let y(h) be the first derivative of h**2/2 - 6*h + 1. Let q = -10 - -10. Suppose 16*x - 11*x - 15 = q. Determine y(x).
-3
Let h(y) = -4*y**3 + 4*y**2 + 3*y + 3. Let o(q) be the second derivative of q**5/4 - q**4/3 - q**3/3 - 2*q**2 - 7*q. Let p(k) = 4*h(k) + 3*o(k). Give p(5).
5
Let k(d) be the second derivative of -2*d**3 + d**2/2 + 11*d. Let g be (-8)/36 - 14/18. Det